Back to Multiple platform build/check report for BioC 3.21:   simplified   long
ABCDEFGHIJKLMNOPQRSTUVWXY[Z]

This page was generated on 2025-02-06 11:43 -0500 (Thu, 06 Feb 2025).

HostnameOSArch (*)R versionInstalled pkgs
nebbiolo1Linux (Ubuntu 24.04.1 LTS)x86_64R Under development (unstable) (2025-01-20 r87609) -- "Unsuffered Consequences" 4719
palomino7Windows Server 2022 Datacenterx64R Under development (unstable) (2025-01-21 r87610 ucrt) -- "Unsuffered Consequences" 4480
lconwaymacOS 12.7.1 Montereyx86_64R Under development (unstable) (2025-01-22 r87618) -- "Unsuffered Consequences" 4491
kjohnson3macOS 13.7.1 Venturaarm64R Under development (unstable) (2025-01-20 r87609) -- "Unsuffered Consequences" 4444
Click on any hostname to see more info about the system (e.g. compilers)      (*) as reported by 'uname -p', except on Windows and Mac OS X

Package 2293/2295HostnameOS / ArchINSTALLBUILDCHECKBUILD BIN
zitools 1.1.0  (landing page)
Carlotta Meyring
Snapshot Date: 2025-02-05 13:48 -0500 (Wed, 05 Feb 2025)
git_url: https://git.bioconductor.org/packages/zitools
git_branch: devel
git_last_commit: 9887f7d
git_last_commit_date: 2024-10-29 11:31:47 -0500 (Tue, 29 Oct 2024)
nebbiolo1Linux (Ubuntu 24.04.1 LTS) / x86_64  OK    OK    WARNINGS  UNNEEDED, same version is already published
palomino7Windows Server 2022 Datacenter / x64  OK    OK    WARNINGS    OK  NO, package depends on 'DESeq2' which is only available as a source package that needs compilation
lconwaymacOS 12.7.1 Monterey / x86_64  OK    OK    WARNINGS    OK  NO, package depends on 'DESeq2' which is only available as a source package that needs compilation
kjohnson3macOS 13.7.1 Ventura / arm64  OK    OK    WARNINGS    OK  NO, package depends on 'DESeq2' which is only available as a source package that needs compilation


CHECK results for zitools on lconway

To the developers/maintainers of the zitools package:
- Allow up to 24 hours (and sometimes 48 hours) for your latest push to git@git.bioconductor.org:packages/zitools.git to reflect on this report. See Troubleshooting Build Report for more information.
- Use the following Renviron settings to reproduce errors and warnings.
- If 'R CMD check' started to fail recently on the Linux builder(s) over a missing dependency, add the missing dependency to 'Suggests:' in your DESCRIPTION file. See Renviron.bioc for more information.

raw results


Summary

Package: zitools
Version: 1.1.0
Command: /Library/Frameworks/R.framework/Resources/bin/R CMD check --install=check:zitools.install-out.txt --library=/Library/Frameworks/R.framework/Resources/library --no-vignettes --timings zitools_1.1.0.tar.gz
StartedAt: 2025-02-06 00:04:07 -0500 (Thu, 06 Feb 2025)
EndedAt: 2025-02-06 00:09:06 -0500 (Thu, 06 Feb 2025)
EllapsedTime: 299.0 seconds
RetCode: 0
Status:   WARNINGS  
CheckDir: zitools.Rcheck
Warnings: 1

Command output

##############################################################################
##############################################################################
###
### Running command:
###
###   /Library/Frameworks/R.framework/Resources/bin/R CMD check --install=check:zitools.install-out.txt --library=/Library/Frameworks/R.framework/Resources/library --no-vignettes --timings zitools_1.1.0.tar.gz
###
##############################################################################
##############################################################################


* using log directory ‘/Users/biocbuild/bbs-3.21-bioc/meat/zitools.Rcheck’
* using R Under development (unstable) (2025-01-22 r87618)
* using platform: x86_64-apple-darwin20
* R was compiled by
    Apple clang version 14.0.0 (clang-1400.0.29.202)
    GNU Fortran (GCC) 14.2.0
* running under: macOS Monterey 12.7.6
* using session charset: UTF-8
* using option ‘--no-vignettes’
* checking for file ‘zitools/DESCRIPTION’ ... OK
* this is package ‘zitools’ version ‘1.1.0’
* package encoding: UTF-8
* checking package namespace information ... OK
* checking package dependencies ... OK
* checking if this is a source package ... OK
* checking if there is a namespace ... OK
* checking for hidden files and directories ... OK
* checking for portable file names ... OK
* checking for sufficient/correct file permissions ... OK
* checking whether package ‘zitools’ can be installed ... OK
* checking installed package size ... OK
* checking package directory ... OK
* checking ‘build’ directory ... OK
* checking DESCRIPTION meta-information ... NOTE
License stub is invalid DCF.
* checking top-level files ... OK
* checking for left-over files ... OK
* checking index information ... OK
* checking package subdirectories ... OK
* checking code files for non-ASCII characters ... OK
* checking R files for syntax errors ... OK
* checking whether the package can be loaded ... OK
* checking whether the package can be loaded with stated dependencies ... OK
* checking whether the package can be unloaded cleanly ... OK
* checking whether the namespace can be loaded with stated dependencies ... OK
* checking whether the namespace can be unloaded cleanly ... OK
* checking dependencies in R code ... OK
* checking S3 generic/method consistency ... OK
* checking replacement functions ... OK
* checking foreign function calls ... OK
* checking R code for possible problems ... NOTE
calcWeights: no visible global function definition for ‘predict’
omit_str_zero: no visible global function definition for ‘predict’
Undefined global functions or variables:
  predict
Consider adding
  importFrom("stats", "predict")
to your NAMESPACE file.
* checking Rd files ... OK
* checking Rd metadata ... OK
* checking Rd cross-references ... OK
* checking for missing documentation entries ... OK
* checking for code/documentation mismatches ... WARNING
Codoc mismatches from Rd file 'rowQuantiles.Rd':
\S4method{rowQuantiles}{Zi}
  Code: function(x, rows = NULL, cols = NULL, probs = seq(from = 0, to
                 = 1, by = 0.25), na.rm = FALSE, type = 7L, digits =
                 7L, ..., useNames = TRUE, drop = TRUE)
  Docs: function(x, rows = NULL, cols = NULL, probs = seq(from = 0, to
                 = 1, by = 0.25), na.rm = TRUE, type = 7L, ...,
                 useNames = TRUE, drop = TRUE)
  Argument names in code not in docs:
    digits
  Mismatches in argument names:
    Position: 7 Code: digits Docs: ...
    Position: 8 Code: ... Docs: useNames
    Position: 9 Code: useNames Docs: drop
  Mismatches in argument default values:
    Name: 'na.rm' Code: FALSE Docs: TRUE
\S4method{colQuantiles}{Zi}
  Code: function(x, rows = NULL, cols = NULL, probs = seq(from = 0, to
                 = 1, by = 0.25), na.rm = FALSE, type = 7L, digits =
                 7L, ..., useNames = TRUE, drop = TRUE)
  Docs: function(x, rows = NULL, cols = NULL, probs = seq(from = 0, to
                 = 1, by = 0.25), na.rm = TRUE, type = 7L, ...,
                 useNames = TRUE, drop = TRUE)
  Argument names in code not in docs:
    digits
  Mismatches in argument names:
    Position: 7 Code: digits Docs: ...
    Position: 8 Code: ... Docs: useNames
    Position: 9 Code: useNames Docs: drop
  Mismatches in argument default values:
    Name: 'na.rm' Code: FALSE Docs: TRUE

* checking Rd \usage sections ... OK
* checking Rd contents ... OK
* checking for unstated dependencies in examples ... OK
* checking contents of ‘data’ directory ... OK
* checking data for non-ASCII characters ... OK
* checking data for ASCII and uncompressed saves ... OK
* checking sizes of PDF files under ‘inst/doc’ ... OK
* checking files in ‘vignettes’ ... OK
* checking examples ... OK
* checking for unstated dependencies in ‘tests’ ... OK
* checking tests ...
  Running ‘testthat.R’
 OK
* checking for unstated dependencies in vignettes ... OK
* checking package vignettes ... OK
* checking running R code from vignettes ... SKIPPED
* checking re-building of vignette outputs ... SKIPPED
* checking PDF version of manual ... OK
* DONE

Status: 1 WARNING, 2 NOTEs
See
  ‘/Users/biocbuild/bbs-3.21-bioc/meat/zitools.Rcheck/00check.log’
for details.


Installation output

zitools.Rcheck/00install.out

##############################################################################
##############################################################################
###
### Running command:
###
###   /Library/Frameworks/R.framework/Resources/bin/R CMD INSTALL zitools
###
##############################################################################
##############################################################################


* installing to library ‘/Library/Frameworks/R.framework/Versions/4.5-x86_64/Resources/library’
* installing *source* package ‘zitools’ ...
** this is package ‘zitools’ version ‘1.1.0’
** using staged installation
** R
** data
** byte-compile and prepare package for lazy loading
Creating a new generic function for ‘weights’ in package ‘zitools’
Creating a new generic function for ‘weightedSd’ in package ‘zitools’
Creating a generic function for ‘cov’ from package ‘stats’ in package ‘zitools’
** help
*** installing help indices
** building package indices
** installing vignettes
** testing if installed package can be loaded from temporary location
** testing if installed package can be loaded from final location
** testing if installed package keeps a record of temporary installation path
* DONE (zitools)

Tests output

zitools.Rcheck/tests/testthat.Rout


R Under development (unstable) (2025-01-22 r87618) -- "Unsuffered Consequences"
Copyright (C) 2025 The R Foundation for Statistical Computing
Platform: x86_64-apple-darwin20

R is free software and comes with ABSOLUTELY NO WARRANTY.
You are welcome to redistribute it under certain conditions.
Type 'license()' or 'licence()' for distribution details.

R is a collaborative project with many contributors.
Type 'contributors()' for more information and
'citation()' on how to cite R or R packages in publications.

Type 'demo()' for some demos, 'help()' for on-line help, or
'help.start()' for an HTML browser interface to help.
Type 'q()' to quit R.

> library(testthat)
> library(zitools)

Attaching package: 'zitools'

The following objects are masked from 'package:stats':

    heatmap, weights

> 
> test_check("zitools")
[ FAIL 0 | WARN 0 | SKIP 0 | PASS 9 ]
> 
> 
> proc.time()
   user  system elapsed 
 18.951   3.386  22.339 

Example timings

zitools.Rcheck/zitools-Ex.timings

nameusersystemelapsed
MissingValueHeatmap0.0020.0010.003
assays2.7450.5423.293
boxplot2.0820.5332.616
colData1.4110.5882.000
colMeans21.3920.4831.876
colMedians1.3720.3481.720
cor1.9110.5162.429
cov1.4200.4861.906
deinflatedcounts1.4160.5711.988
heatmap1.4710.5201.992
inputcounts1.8810.4462.327
inputdata1.3880.5621.951
log1p1.3840.4411.825
log2p1.3490.4331.781
mean1.8430.5252.368
median1.3450.4611.806
model1.3680.4701.838
otu_table1.4420.4391.881
plot1.8650.5452.412
plus3.1490.8273.976
quantile1.3190.5841.903
resample_deinflatedcounts1.9150.5822.498
rowData1.3950.5401.936
rowQuantiles1.3980.5331.934
rowSds1.4330.5742.009
rowVars1.9030.5292.433
rowWeightedMeans1.3730.4991.873
rowWeightedSds1.3350.5121.848
sample_data1.3690.4881.857
sd1.8590.5142.373
show1.3040.5671.871
slash1.3210.5131.834
subset_feature1.3900.5211.912
subset_sample1.8310.5282.359
t1.2990.5041.805
tax_table1.2400.2301.471
times1.2730.2981.571
var1.6920.2611.954
weighted.mean1.2290.4221.652
weightedVar1.2360.3961.633
weights1.2660.4341.699
zi2deseq21.8730.4942.367
zi2phyloseq1.2590.3421.602
ziMain1.2490.3341.583