Back to the "Multiple platform build/check report" A [B] C  D  E  F  G  H  I  J  K  L  M  N  O  P  Q  R  S  T  U  V  W  X  Y  Z 

BioC 3.3: CHECK report for Biostrings on linux2.bioconductor.org

This page was generated on 2015-10-27 12:11:23 -0400 (Tue, 27 Oct 2015).

Package 109/1104HostnameOS / ArchINSTALLBUILDCHECKBUILD BIN
Biostrings 2.39.0
H. Pages
Snapshot Date: 2015-10-26 20:20:04 -0400 (Mon, 26 Oct 2015)
URL: https://hedgehog.fhcrc.org/bioconductor/trunk/madman/Rpacks/Biostrings
Last Changed Rev: 109592 / Revision: 109948
Last Changed Date: 2015-10-13 15:59:53 -0400 (Tue, 13 Oct 2015)
linux2.bioconductor.org Linux (Ubuntu 14.04.2 LTS) / x86_64  OK  OK [ WARNINGS ]UNNEEDED, same version exists in internal repository
windows2.bioconductor.org Windows Server 2012 R2 Enterprise SP1 (64-bit) / x64  OK  OK  WARNINGS  OK UNNEEDED, same version exists in internal repository

Summary

Package: Biostrings
Version: 2.39.0
Command: /home/biocbuild/bbs-3.3-bioc/R/bin/R CMD check --no-vignettes --timings Biostrings_2.39.0.tar.gz
StartedAt: 2015-10-27 02:05:15 -0400 (Tue, 27 Oct 2015)
EndedAt: 2015-10-27 02:14:09 -0400 (Tue, 27 Oct 2015)
EllapsedTime: 533.2 seconds
RetCode: 0
Status:  WARNINGS 
CheckDir: Biostrings.Rcheck
Warnings: 2

Command output

##############################################################################
##############################################################################
###
### Running command:
###
###   /home/biocbuild/bbs-3.3-bioc/R/bin/R CMD check --no-vignettes --timings Biostrings_2.39.0.tar.gz
###
##############################################################################
##############################################################################


* using log directory ‘/home/biocbuild/bbs-3.3-bioc/meat/Biostrings.Rcheck’
* using R Under development (unstable) (2015-09-09 r69333)
* using platform: x86_64-pc-linux-gnu (64-bit)
* using session charset: UTF-8
* using option ‘--no-vignettes’
* checking for file ‘Biostrings/DESCRIPTION’ ... OK
* this is package ‘Biostrings’ version ‘2.39.0’
* checking package namespace information ... OK
* checking package dependencies ... OK
* checking if this is a source package ... OK
* checking if there is a namespace ... OK
* checking for hidden files and directories ... NOTE
Found the following hidden files and directories:
  .BBSoptions
These were most likely included in error. See section ‘Package
structure’ in the ‘Writing R Extensions’ manual.
* checking for portable file names ... OK
* checking for sufficient/correct file permissions ... OK
* checking whether package ‘Biostrings’ can be installed ... [16s/16s] OK
* checking installed package size ... NOTE
  installed size is 14.9Mb
  sub-directories of 1Mb or more:
    doc       1.1Mb
    extdata  11.1Mb
* checking package directory ... OK
* checking ‘build’ directory ... OK
* checking DESCRIPTION meta-information ... NOTE
Packages listed in more than one of Depends, Imports, Suggests, Enhances:
  ‘methods’ ‘BiocGenerics’ ‘IRanges’ ‘XVector’
A package should be listed in only one of these fields.
Versioned 'LinkingTo' value for ‘S4Vectors’ is only usable in R >= 3.0.2
* checking top-level files ... OK
* checking for left-over files ... OK
* checking index information ... OK
* checking package subdirectories ... OK
* checking R files for non-ASCII characters ... OK
* checking R files for syntax errors ... OK
* checking whether the package can be loaded ... OK
* checking whether the package can be loaded with stated dependencies ... OK
* checking whether the package can be unloaded cleanly ... OK
* checking whether the namespace can be loaded with stated dependencies ... OK
* checking whether the namespace can be unloaded cleanly ... OK
* checking dependencies in R code ... NOTE
Unexported objects imported by ':::' calls:
  ‘BiocGenerics:::testPackage’ ‘IRanges:::.showAtomicList’
  ‘IRanges:::showRangesList’ ‘S4Vectors:::anyMissingOrOutside’
  ‘S4Vectors:::duplicatedIntegerPairs’
  See the note in ?`:::` about the use of this operator.
* checking S3 generic/method consistency ... OK
* checking replacement functions ... OK
* checking foreign function calls ... OK
* checking R code for possible problems ... OK
* checking Rd files ... OK
* checking Rd metadata ... OK
* checking Rd cross-references ... WARNING
Missing link or links in documentation object 'translate.Rd':
  ‘[GenomicFeatures]{extractTranscriptsFromGenome}’

See section 'Cross-references' in the 'Writing R Extensions' manual.

* checking for missing documentation entries ... WARNING
Undocumented code objects:
  ‘twoWayAlphabetFrequency’
Undocumented S4 methods:
  generic 'compare' and siglist 'Vector,XStringSet'
  generic 'compare' and siglist 'XStringSet,Vector'
  generic 'compare' and siglist 'XStringSet,vector'
  generic 'compare' and siglist 'vector,XStringSet'
  generic 'match' and siglist 'Vector,XStringSet'
  generic 'match' and siglist 'XStringSet,Vector'
  generic 'match' and siglist 'XStringSet,vector'
  generic 'match' and siglist 'vector,XStringSet'
  generic 'relistToClass' and siglist 'XString'
  generic 'relistToClass' and siglist 'XStringSet'
  generic 'twoWayAlphabetFrequency' and siglist 'XString,XString'
  generic 'twoWayAlphabetFrequency' and siglist 'XString,XStringSet'
  generic 'twoWayAlphabetFrequency' and siglist 'XStringSet,XString'
  generic 'twoWayAlphabetFrequency' and siglist 'XStringSet,XStringSet'
  generic 'unstrsplit' and siglist 'XStringSet'
  generic 'unstrsplit' and siglist 'XStringSetList'
All user-level objects in a package (including S4 classes and methods)
should have documentation entries.
See chapter ‘Writing R documentation files’ in the ‘Writing R
Extensions’ manual.
* checking for code/documentation mismatches ... OK
* checking Rd \usage sections ... OK
* checking Rd contents ... OK
* checking for unstated dependencies in examples ... OK
* checking contents of ‘data’ directory ... OK
* checking data for non-ASCII characters ... OK
* checking data for ASCII and uncompressed saves ... OK
* checking line endings in C/C++/Fortran sources/headers ... OK
* checking compiled code ... OK
* checking installed files from ‘inst/doc’ ... OK
* checking files in ‘vignettes’ ... OK
* checking examples ... [435s/436s] OK
Examples with CPU or elapsed time > 5s
                      user system elapsed
matchPDict-exact   316.937  0.412 317.816
matchPDict-inexact  33.183  0.112  33.353
findPalindromes     29.414  0.360  29.827
XStringSet-class     7.872  0.181   8.088
matchPattern         6.019  0.040   6.072
* checking for unstated dependencies in vignettes ... OK
* checking package vignettes in ‘inst/doc’ ... OK
* checking running R code from vignettes ... SKIPPED
* checking re-building of vignette outputs ... SKIPPED
* checking PDF version of manual ... OK
* DONE

Status: 2 WARNINGs, 4 NOTEs
See
  ‘/home/biocbuild/bbs-3.3-bioc/meat/Biostrings.Rcheck/00check.log’
for details.


Biostrings.Rcheck/00install.out:

* installing *source* package ‘Biostrings’ ...
** libs
gcc -std=gnu99 -I/home/biocbuild/bbs-3.3-bioc/R/include -DNDEBUG  -I/usr/local/include -I"/home/biocbuild/bbs-3.3-bioc/R/library/S4Vectors/include" -I"/home/biocbuild/bbs-3.3-bioc/R/library/IRanges/include" -I"/home/biocbuild/bbs-3.3-bioc/R/library/XVector/include"   -fpic  -g -O2  -c BAB_class.c -o BAB_class.o
gcc -std=gnu99 -I/home/biocbuild/bbs-3.3-bioc/R/include -DNDEBUG  -I/usr/local/include -I"/home/biocbuild/bbs-3.3-bioc/R/library/S4Vectors/include" -I"/home/biocbuild/bbs-3.3-bioc/R/library/IRanges/include" -I"/home/biocbuild/bbs-3.3-bioc/R/library/XVector/include"   -fpic  -g -O2  -c BitMatrix.c -o BitMatrix.o
gcc -std=gnu99 -I/home/biocbuild/bbs-3.3-bioc/R/include -DNDEBUG  -I/usr/local/include -I"/home/biocbuild/bbs-3.3-bioc/R/library/S4Vectors/include" -I"/home/biocbuild/bbs-3.3-bioc/R/library/IRanges/include" -I"/home/biocbuild/bbs-3.3-bioc/R/library/XVector/include"   -fpic  -g -O2  -c IRanges_stubs.c -o IRanges_stubs.o
gcc -std=gnu99 -I/home/biocbuild/bbs-3.3-bioc/R/include -DNDEBUG  -I/usr/local/include -I"/home/biocbuild/bbs-3.3-bioc/R/library/S4Vectors/include" -I"/home/biocbuild/bbs-3.3-bioc/R/library/IRanges/include" -I"/home/biocbuild/bbs-3.3-bioc/R/library/XVector/include"   -fpic  -g -O2  -c MIndex_class.c -o MIndex_class.o
gcc -std=gnu99 -I/home/biocbuild/bbs-3.3-bioc/R/include -DNDEBUG  -I/usr/local/include -I"/home/biocbuild/bbs-3.3-bioc/R/library/S4Vectors/include" -I"/home/biocbuild/bbs-3.3-bioc/R/library/IRanges/include" -I"/home/biocbuild/bbs-3.3-bioc/R/library/XVector/include"   -fpic  -g -O2  -c PreprocessedTB_class.c -o PreprocessedTB_class.o
gcc -std=gnu99 -I/home/biocbuild/bbs-3.3-bioc/R/include -DNDEBUG  -I/usr/local/include -I"/home/biocbuild/bbs-3.3-bioc/R/library/S4Vectors/include" -I"/home/biocbuild/bbs-3.3-bioc/R/library/IRanges/include" -I"/home/biocbuild/bbs-3.3-bioc/R/library/XVector/include"   -fpic  -g -O2  -c R_init_Biostrings.c -o R_init_Biostrings.o
gcc -std=gnu99 -I/home/biocbuild/bbs-3.3-bioc/R/include -DNDEBUG  -I/usr/local/include -I"/home/biocbuild/bbs-3.3-bioc/R/library/S4Vectors/include" -I"/home/biocbuild/bbs-3.3-bioc/R/library/IRanges/include" -I"/home/biocbuild/bbs-3.3-bioc/R/library/XVector/include"   -fpic  -g -O2  -c RoSeqs_utils.c -o RoSeqs_utils.o
gcc -std=gnu99 -I/home/biocbuild/bbs-3.3-bioc/R/include -DNDEBUG  -I/usr/local/include -I"/home/biocbuild/bbs-3.3-bioc/R/library/S4Vectors/include" -I"/home/biocbuild/bbs-3.3-bioc/R/library/IRanges/include" -I"/home/biocbuild/bbs-3.3-bioc/R/library/XVector/include"   -fpic  -g -O2  -c S4Vectors_stubs.c -o S4Vectors_stubs.o
gcc -std=gnu99 -I/home/biocbuild/bbs-3.3-bioc/R/include -DNDEBUG  -I/usr/local/include -I"/home/biocbuild/bbs-3.3-bioc/R/library/S4Vectors/include" -I"/home/biocbuild/bbs-3.3-bioc/R/library/IRanges/include" -I"/home/biocbuild/bbs-3.3-bioc/R/library/XVector/include"   -fpic  -g -O2  -c SparseList_utils.c -o SparseList_utils.o
gcc -std=gnu99 -I/home/biocbuild/bbs-3.3-bioc/R/include -DNDEBUG  -I/usr/local/include -I"/home/biocbuild/bbs-3.3-bioc/R/library/S4Vectors/include" -I"/home/biocbuild/bbs-3.3-bioc/R/library/IRanges/include" -I"/home/biocbuild/bbs-3.3-bioc/R/library/XVector/include"   -fpic  -g -O2  -c XStringSetList_class.c -o XStringSetList_class.o
gcc -std=gnu99 -I/home/biocbuild/bbs-3.3-bioc/R/include -DNDEBUG  -I/usr/local/include -I"/home/biocbuild/bbs-3.3-bioc/R/library/S4Vectors/include" -I"/home/biocbuild/bbs-3.3-bioc/R/library/IRanges/include" -I"/home/biocbuild/bbs-3.3-bioc/R/library/XVector/include"   -fpic  -g -O2  -c XStringSet_class.c -o XStringSet_class.o
gcc -std=gnu99 -I/home/biocbuild/bbs-3.3-bioc/R/include -DNDEBUG  -I/usr/local/include -I"/home/biocbuild/bbs-3.3-bioc/R/library/S4Vectors/include" -I"/home/biocbuild/bbs-3.3-bioc/R/library/IRanges/include" -I"/home/biocbuild/bbs-3.3-bioc/R/library/XVector/include"   -fpic  -g -O2  -c XStringSet_io.c -o XStringSet_io.o
gcc -std=gnu99 -I/home/biocbuild/bbs-3.3-bioc/R/include -DNDEBUG  -I/usr/local/include -I"/home/biocbuild/bbs-3.3-bioc/R/library/S4Vectors/include" -I"/home/biocbuild/bbs-3.3-bioc/R/library/IRanges/include" -I"/home/biocbuild/bbs-3.3-bioc/R/library/XVector/include"   -fpic  -g -O2  -c XString_class.c -o XString_class.o
gcc -std=gnu99 -I/home/biocbuild/bbs-3.3-bioc/R/include -DNDEBUG  -I/usr/local/include -I"/home/biocbuild/bbs-3.3-bioc/R/library/S4Vectors/include" -I"/home/biocbuild/bbs-3.3-bioc/R/library/IRanges/include" -I"/home/biocbuild/bbs-3.3-bioc/R/library/XVector/include"   -fpic  -g -O2  -c XVector_stubs.c -o XVector_stubs.o
gcc -std=gnu99 -I/home/biocbuild/bbs-3.3-bioc/R/include -DNDEBUG  -I/usr/local/include -I"/home/biocbuild/bbs-3.3-bioc/R/library/S4Vectors/include" -I"/home/biocbuild/bbs-3.3-bioc/R/library/IRanges/include" -I"/home/biocbuild/bbs-3.3-bioc/R/library/XVector/include"   -fpic  -g -O2  -c align_needwunsQS.c -o align_needwunsQS.o
gcc -std=gnu99 -I/home/biocbuild/bbs-3.3-bioc/R/include -DNDEBUG  -I/usr/local/include -I"/home/biocbuild/bbs-3.3-bioc/R/library/S4Vectors/include" -I"/home/biocbuild/bbs-3.3-bioc/R/library/IRanges/include" -I"/home/biocbuild/bbs-3.3-bioc/R/library/XVector/include"   -fpic  -g -O2  -c align_pairwiseAlignment.c -o align_pairwiseAlignment.o
gcc -std=gnu99 -I/home/biocbuild/bbs-3.3-bioc/R/include -DNDEBUG  -I/usr/local/include -I"/home/biocbuild/bbs-3.3-bioc/R/library/S4Vectors/include" -I"/home/biocbuild/bbs-3.3-bioc/R/library/IRanges/include" -I"/home/biocbuild/bbs-3.3-bioc/R/library/XVector/include"   -fpic  -g -O2  -c align_utils.c -o align_utils.o
gcc -std=gnu99 -I/home/biocbuild/bbs-3.3-bioc/R/include -DNDEBUG  -I/usr/local/include -I"/home/biocbuild/bbs-3.3-bioc/R/library/S4Vectors/include" -I"/home/biocbuild/bbs-3.3-bioc/R/library/IRanges/include" -I"/home/biocbuild/bbs-3.3-bioc/R/library/XVector/include"   -fpic  -g -O2  -c find_palindromes.c -o find_palindromes.o
gcc -std=gnu99 -I/home/biocbuild/bbs-3.3-bioc/R/include -DNDEBUG  -I/usr/local/include -I"/home/biocbuild/bbs-3.3-bioc/R/library/S4Vectors/include" -I"/home/biocbuild/bbs-3.3-bioc/R/library/IRanges/include" -I"/home/biocbuild/bbs-3.3-bioc/R/library/XVector/include"   -fpic  -g -O2  -c gtestsim.c -o gtestsim.o
gcc -std=gnu99 -I/home/biocbuild/bbs-3.3-bioc/R/include -DNDEBUG  -I/usr/local/include -I"/home/biocbuild/bbs-3.3-bioc/R/library/S4Vectors/include" -I"/home/biocbuild/bbs-3.3-bioc/R/library/IRanges/include" -I"/home/biocbuild/bbs-3.3-bioc/R/library/XVector/include"   -fpic  -g -O2  -c inject_code.c -o inject_code.o
gcc -std=gnu99 -I/home/biocbuild/bbs-3.3-bioc/R/include -DNDEBUG  -I/usr/local/include -I"/home/biocbuild/bbs-3.3-bioc/R/library/S4Vectors/include" -I"/home/biocbuild/bbs-3.3-bioc/R/library/IRanges/include" -I"/home/biocbuild/bbs-3.3-bioc/R/library/XVector/include"   -fpic  -g -O2  -c letter_frequency.c -o letter_frequency.o
gcc -std=gnu99 -I/home/biocbuild/bbs-3.3-bioc/R/include -DNDEBUG  -I/usr/local/include -I"/home/biocbuild/bbs-3.3-bioc/R/library/S4Vectors/include" -I"/home/biocbuild/bbs-3.3-bioc/R/library/IRanges/include" -I"/home/biocbuild/bbs-3.3-bioc/R/library/XVector/include"   -fpic  -g -O2  -c lowlevel_matching.c -o lowlevel_matching.o
gcc -std=gnu99 -I/home/biocbuild/bbs-3.3-bioc/R/include -DNDEBUG  -I/usr/local/include -I"/home/biocbuild/bbs-3.3-bioc/R/library/S4Vectors/include" -I"/home/biocbuild/bbs-3.3-bioc/R/library/IRanges/include" -I"/home/biocbuild/bbs-3.3-bioc/R/library/XVector/include"   -fpic  -g -O2  -c match_BOC.c -o match_BOC.o
gcc -std=gnu99 -I/home/biocbuild/bbs-3.3-bioc/R/include -DNDEBUG  -I/usr/local/include -I"/home/biocbuild/bbs-3.3-bioc/R/library/S4Vectors/include" -I"/home/biocbuild/bbs-3.3-bioc/R/library/IRanges/include" -I"/home/biocbuild/bbs-3.3-bioc/R/library/XVector/include"   -fpic  -g -O2  -c match_BOC2.c -o match_BOC2.o
gcc -std=gnu99 -I/home/biocbuild/bbs-3.3-bioc/R/include -DNDEBUG  -I/usr/local/include -I"/home/biocbuild/bbs-3.3-bioc/R/library/S4Vectors/include" -I"/home/biocbuild/bbs-3.3-bioc/R/library/IRanges/include" -I"/home/biocbuild/bbs-3.3-bioc/R/library/XVector/include"   -fpic  -g -O2  -c match_PWM.c -o match_PWM.o
gcc -std=gnu99 -I/home/biocbuild/bbs-3.3-bioc/R/include -DNDEBUG  -I/usr/local/include -I"/home/biocbuild/bbs-3.3-bioc/R/library/S4Vectors/include" -I"/home/biocbuild/bbs-3.3-bioc/R/library/IRanges/include" -I"/home/biocbuild/bbs-3.3-bioc/R/library/XVector/include"   -fpic  -g -O2  -c match_pattern.c -o match_pattern.o
gcc -std=gnu99 -I/home/biocbuild/bbs-3.3-bioc/R/include -DNDEBUG  -I/usr/local/include -I"/home/biocbuild/bbs-3.3-bioc/R/library/S4Vectors/include" -I"/home/biocbuild/bbs-3.3-bioc/R/library/IRanges/include" -I"/home/biocbuild/bbs-3.3-bioc/R/library/XVector/include"   -fpic  -g -O2  -c match_pattern_boyermoore.c -o match_pattern_boyermoore.o
gcc -std=gnu99 -I/home/biocbuild/bbs-3.3-bioc/R/include -DNDEBUG  -I/usr/local/include -I"/home/biocbuild/bbs-3.3-bioc/R/library/S4Vectors/include" -I"/home/biocbuild/bbs-3.3-bioc/R/library/IRanges/include" -I"/home/biocbuild/bbs-3.3-bioc/R/library/XVector/include"   -fpic  -g -O2  -c match_pattern_indels.c -o match_pattern_indels.o
gcc -std=gnu99 -I/home/biocbuild/bbs-3.3-bioc/R/include -DNDEBUG  -I/usr/local/include -I"/home/biocbuild/bbs-3.3-bioc/R/library/S4Vectors/include" -I"/home/biocbuild/bbs-3.3-bioc/R/library/IRanges/include" -I"/home/biocbuild/bbs-3.3-bioc/R/library/XVector/include"   -fpic  -g -O2  -c match_pattern_shiftor.c -o match_pattern_shiftor.o
gcc -std=gnu99 -I/home/biocbuild/bbs-3.3-bioc/R/include -DNDEBUG  -I/usr/local/include -I"/home/biocbuild/bbs-3.3-bioc/R/library/S4Vectors/include" -I"/home/biocbuild/bbs-3.3-bioc/R/library/IRanges/include" -I"/home/biocbuild/bbs-3.3-bioc/R/library/XVector/include"   -fpic  -g -O2  -c match_pdict.c -o match_pdict.o
gcc -std=gnu99 -I/home/biocbuild/bbs-3.3-bioc/R/include -DNDEBUG  -I/usr/local/include -I"/home/biocbuild/bbs-3.3-bioc/R/library/S4Vectors/include" -I"/home/biocbuild/bbs-3.3-bioc/R/library/IRanges/include" -I"/home/biocbuild/bbs-3.3-bioc/R/library/XVector/include"   -fpic  -g -O2  -c match_pdict_ACtree2.c -o match_pdict_ACtree2.o
gcc -std=gnu99 -I/home/biocbuild/bbs-3.3-bioc/R/include -DNDEBUG  -I/usr/local/include -I"/home/biocbuild/bbs-3.3-bioc/R/library/S4Vectors/include" -I"/home/biocbuild/bbs-3.3-bioc/R/library/IRanges/include" -I"/home/biocbuild/bbs-3.3-bioc/R/library/XVector/include"   -fpic  -g -O2  -c match_pdict_Twobit.c -o match_pdict_Twobit.o
gcc -std=gnu99 -I/home/biocbuild/bbs-3.3-bioc/R/include -DNDEBUG  -I/usr/local/include -I"/home/biocbuild/bbs-3.3-bioc/R/library/S4Vectors/include" -I"/home/biocbuild/bbs-3.3-bioc/R/library/IRanges/include" -I"/home/biocbuild/bbs-3.3-bioc/R/library/XVector/include"   -fpic  -g -O2  -c match_pdict_utils.c -o match_pdict_utils.o
gcc -std=gnu99 -I/home/biocbuild/bbs-3.3-bioc/R/include -DNDEBUG  -I/usr/local/include -I"/home/biocbuild/bbs-3.3-bioc/R/library/S4Vectors/include" -I"/home/biocbuild/bbs-3.3-bioc/R/library/IRanges/include" -I"/home/biocbuild/bbs-3.3-bioc/R/library/XVector/include"   -fpic  -g -O2  -c match_reporting.c -o match_reporting.o
gcc -std=gnu99 -I/home/biocbuild/bbs-3.3-bioc/R/include -DNDEBUG  -I/usr/local/include -I"/home/biocbuild/bbs-3.3-bioc/R/library/S4Vectors/include" -I"/home/biocbuild/bbs-3.3-bioc/R/library/IRanges/include" -I"/home/biocbuild/bbs-3.3-bioc/R/library/XVector/include"   -fpic  -g -O2  -c matchprobes.c -o matchprobes.o
gcc -std=gnu99 -I/home/biocbuild/bbs-3.3-bioc/R/include -DNDEBUG  -I/usr/local/include -I"/home/biocbuild/bbs-3.3-bioc/R/library/S4Vectors/include" -I"/home/biocbuild/bbs-3.3-bioc/R/library/IRanges/include" -I"/home/biocbuild/bbs-3.3-bioc/R/library/XVector/include"   -fpic  -g -O2  -c pmatchPattern.c -o pmatchPattern.o
gcc -std=gnu99 -I/home/biocbuild/bbs-3.3-bioc/R/include -DNDEBUG  -I/usr/local/include -I"/home/biocbuild/bbs-3.3-bioc/R/library/S4Vectors/include" -I"/home/biocbuild/bbs-3.3-bioc/R/library/IRanges/include" -I"/home/biocbuild/bbs-3.3-bioc/R/library/XVector/include"   -fpic  -g -O2  -c replace_letter_at.c -o replace_letter_at.o
gcc -std=gnu99 -I/home/biocbuild/bbs-3.3-bioc/R/include -DNDEBUG  -I/usr/local/include -I"/home/biocbuild/bbs-3.3-bioc/R/library/S4Vectors/include" -I"/home/biocbuild/bbs-3.3-bioc/R/library/IRanges/include" -I"/home/biocbuild/bbs-3.3-bioc/R/library/XVector/include"   -fpic  -g -O2  -c strutils.c -o strutils.o
gcc -std=gnu99 -I/home/biocbuild/bbs-3.3-bioc/R/include -DNDEBUG  -I/usr/local/include -I"/home/biocbuild/bbs-3.3-bioc/R/library/S4Vectors/include" -I"/home/biocbuild/bbs-3.3-bioc/R/library/IRanges/include" -I"/home/biocbuild/bbs-3.3-bioc/R/library/XVector/include"   -fpic  -g -O2  -c translate.c -o translate.o
gcc -std=gnu99 -I/home/biocbuild/bbs-3.3-bioc/R/include -DNDEBUG  -I/usr/local/include -I"/home/biocbuild/bbs-3.3-bioc/R/library/S4Vectors/include" -I"/home/biocbuild/bbs-3.3-bioc/R/library/IRanges/include" -I"/home/biocbuild/bbs-3.3-bioc/R/library/XVector/include"   -fpic  -g -O2  -c unstrsplit_methods.c -o unstrsplit_methods.o
gcc -std=gnu99 -I/home/biocbuild/bbs-3.3-bioc/R/include -DNDEBUG  -I/usr/local/include -I"/home/biocbuild/bbs-3.3-bioc/R/library/S4Vectors/include" -I"/home/biocbuild/bbs-3.3-bioc/R/library/IRanges/include" -I"/home/biocbuild/bbs-3.3-bioc/R/library/XVector/include"   -fpic  -g -O2  -c utils.c -o utils.o
gcc -std=gnu99 -I/home/biocbuild/bbs-3.3-bioc/R/include -DNDEBUG  -I/usr/local/include -I"/home/biocbuild/bbs-3.3-bioc/R/library/S4Vectors/include" -I"/home/biocbuild/bbs-3.3-bioc/R/library/IRanges/include" -I"/home/biocbuild/bbs-3.3-bioc/R/library/XVector/include"   -fpic  -g -O2  -c xscat.c -o xscat.o
gcc -std=gnu99 -shared -L/home/biocbuild/bbs-3.3-bioc/R/lib -L/usr/local/lib -o Biostrings.so BAB_class.o BitMatrix.o IRanges_stubs.o MIndex_class.o PreprocessedTB_class.o R_init_Biostrings.o RoSeqs_utils.o S4Vectors_stubs.o SparseList_utils.o XStringSetList_class.o XStringSet_class.o XStringSet_io.o XString_class.o XVector_stubs.o align_needwunsQS.o align_pairwiseAlignment.o align_utils.o find_palindromes.o gtestsim.o inject_code.o letter_frequency.o lowlevel_matching.o match_BOC.o match_BOC2.o match_PWM.o match_pattern.o match_pattern_boyermoore.o match_pattern_indels.o match_pattern_shiftor.o match_pdict.o match_pdict_ACtree2.o match_pdict_Twobit.o match_pdict_utils.o match_reporting.o matchprobes.o pmatchPattern.o replace_letter_at.o strutils.o translate.o unstrsplit_methods.o utils.o xscat.o -L/home/biocbuild/bbs-3.3-bioc/R/lib -lR
installing to /home/biocbuild/bbs-3.3-bioc/meat/Biostrings.Rcheck/Biostrings/libs
** R
** data
** inst
** preparing package for lazy loading
Creating a generic function for ‘setequal’ from package ‘base’ in package ‘Biostrings’
Creating a generic function for ‘ls’ from package ‘base’ in package ‘Biostrings’
Creating a new generic function for ‘offset’ in package ‘Biostrings’
** help
*** installing help indices
** building package indices
** installing vignettes
** testing if installed package can be loaded
* DONE (Biostrings)

Biostrings.Rcheck/Biostrings-Ex.timings:

nameusersystemelapsed
AAString-class0.0060.0000.005
AMINO_ACID_CODE0.0010.0030.002
AlignedXStringSet-class0.0680.0050.073
DNAString-class0.0020.0000.002
GENETIC_CODE0.0150.0000.016
HNF4alpha0.0200.0040.024
IUPAC_CODE_MAP0.0070.0000.007
MIndex-class0.0000.0000.001
MaskedXString-class0.2520.0040.287
MultipleAlignment-class1.0310.0001.030
PDict-class4.0440.0564.106
PairwiseAlignments-class0.1200.0040.123
PairwiseAlignments-io2.0600.0722.134
QualityScaledXStringSet-class0.0170.0000.017
RNAString-class0.0080.0000.009
XString-class0.0110.0000.011
XStringQuality-class0.0680.0040.071
XStringSet-class7.8720.1818.088
XStringSet-comparison2.0430.0362.078
XStringSet-io4.0810.0364.117
XStringSetList-class0.4460.0080.455
XStringViews-class0.1670.0000.167
align-utils0.0470.0000.048
chartr0.6830.0040.689
detail0.6290.0220.651
dinucleotideFrequencyTest0.0130.0040.017
findPalindromes29.414 0.36029.827
getSeq0.0470.0000.047
gregexpr20.0010.0000.001
injectHardMask0.0220.0040.027
letter0.0100.0000.009
letterFrequency1.1560.0161.173
longestConsecutive0.0010.0000.001
lowlevel-matching0.3510.0080.359
maskMotif1.0240.0041.040
match-utils0.0160.0000.016
matchLRPatterns0.3730.0200.415
matchPDict-exact316.937 0.412317.816
matchPDict-inexact33.183 0.11233.353
matchPWM2.1710.0082.182
matchPattern6.0190.0406.072
matchProbePair1.1500.0041.155
matchprobes0.2310.0000.231
misc0.0100.0000.011
needwunsQS0.0010.0000.000
nucleotideFrequency0.5630.0040.567
padAndClip0.3880.0000.389
pairwiseAlignment0.60.00.6
phiX174Phage0.4060.0000.406
pid0.2100.0000.212
replaceAt4.5330.0804.613
replaceLetterAt0.4080.0080.417
reverseComplement0.9380.0000.938
stringDist4.1100.0044.114
substitution_matrices0.3220.0040.326
toComplex0.0020.0000.001
translate0.7690.0000.770
trimLRPatterns0.0470.0000.047
xscat0.9770.0000.977
yeastSEQCHR10.0040.0000.003