Back to the "Multiple platform build/check report" A  B [C] D  E  F  G  H  I  J  K  L  M  N  O  P  Q  R  S  T  U  V  W  X  Y  Z 

BioC 3.3: BUILD report for chimera on linux2.bioconductor.org

This page was generated on 2015-10-27 12:12:19 -0400 (Tue, 27 Oct 2015).

Package 162/1104HostnameOS / ArchINSTALLBUILDCHECKBUILD BIN
chimera 1.13.0
Raffaele A Calogero
Snapshot Date: 2015-10-26 20:20:04 -0400 (Mon, 26 Oct 2015)
URL: https://hedgehog.fhcrc.org/bioconductor/trunk/madman/Rpacks/chimera
Last Changed Rev: 109592 / Revision: 109948
Last Changed Date: 2015-10-13 15:59:53 -0400 (Tue, 13 Oct 2015)
linux2.bioconductor.org Linux (Ubuntu 14.04.2 LTS) / x86_64  OK [ ERROR ] skipped 
windows2.bioconductor.org Windows Server 2012 R2 Enterprise SP1 (64-bit) / x64  OK  OK  OK  OK UNNEEDED, same version exists in internal repository

Summary

Package: chimera
Version: 1.13.0
Command: /home/biocbuild/bbs-3.3-bioc/R/bin/R CMD build --keep-empty-dirs --no-resave-data chimera
StartedAt: 2015-10-26 23:28:29 -0400 (Mon, 26 Oct 2015)
EndedAt: 2015-10-26 23:29:03 -0400 (Mon, 26 Oct 2015)
EllapsedTime: 34.4 seconds
RetCode: 1
Status:  ERROR 
PackageFile: None
PackageFileSize: NA

Command output

##############################################################################
##############################################################################
###
### Running command:
###
###   /home/biocbuild/bbs-3.3-bioc/R/bin/R CMD build --keep-empty-dirs --no-resave-data chimera
###
##############################################################################
##############################################################################


* checking for file ‘chimera/DESCRIPTION’ ... OK
* preparing ‘chimera’:
* checking DESCRIPTION meta-information ... OK
* cleaning src
* installing the package to build vignettes
* creating vignettes ... ERROR
Loading required package: Biobase
Loading required package: BiocGenerics
Loading required package: parallel

Attaching package: ‘BiocGenerics’

The following objects are masked from ‘package:parallel’:

    clusterApply, clusterApplyLB, clusterCall, clusterEvalQ,
    clusterExport, clusterMap, parApply, parCapply, parLapply,
    parLapplyLB, parRapply, parSapply, parSapplyLB

The following objects are masked from ‘package:stats’:

    IQR, mad, xtabs

The following objects are masked from ‘package:base’:

    Filter, Find, Map, Position, Reduce, anyDuplicated, append,
    as.data.frame, as.vector, cbind, colnames, do.call, duplicated,
    eval, evalq, get, grep, grepl, intersect, is.unsorted, lapply,
    lengths, mapply, match, mget, order, paste, pmax, pmax.int, pmin,
    pmin.int, rank, rbind, rownames, sapply, setdiff, sort, table,
    tapply, union, unique, unlist, unsplit

Welcome to Bioconductor

    Vignettes contain introductory material; view with
    'browseVignettes()'. To cite Bioconductor, see
    'citation("Biobase")', and for packages 'citation("pkgname")'.

Loading required package: GenomicRanges
Loading required package: S4Vectors
Loading required package: stats4

Attaching package: ‘S4Vectors’

The following object is masked from ‘package:base’:

    expand.grid

Loading required package: IRanges
Loading required package: GenomeInfoDb
Loading required package: Rsamtools
Loading required package: XVector
Loading required package: Biostrings
Loading required package: GenomicAlignments
Loading required package: SummarizedExperiment
Loading required package: AnnotationDbi
Loading required package: BSgenome.Hsapiens.UCSC.hg19
Loading required package: BSgenome
Loading required package: rtracklayer
Loading required package: TxDb.Hsapiens.UCSC.hg19.knownGene
Loading required package: GenomicFeatures
Loading required package: Homo.sapiens
Loading required package: OrganismDbi
Loading required package: GO.db
Loading required package: DBI

Loading required package: org.Hs.eg.db

Now getting the GODb Object directly
Now getting the OrgDb Object directly
Now getting the TxDb Object directly
'select()' returned 1:1 mapping between keys and columns
Loading required package: Rsubread
subread-align: unrecognized option '--BAMoutput'
open: No such file or directory

Error: processing vignette 'chimera.Rnw' failed with diagnostics:
 chunk 6 
Error in .local(file, destination, ...) : failed to open SAM/BAM file
  file: 'accepted_hits.bam'
Execution halted