Back to Multiple platform build/check report for BioC 3.21: simplified long |
|
This page was generated on 2025-02-06 11:41 -0500 (Thu, 06 Feb 2025).
Hostname | OS | Arch (*) | R version | Installed pkgs |
---|---|---|---|---|
nebbiolo1 | Linux (Ubuntu 24.04.1 LTS) | x86_64 | R Under development (unstable) (2025-01-20 r87609) -- "Unsuffered Consequences" | 4719 |
palomino7 | Windows Server 2022 Datacenter | x64 | R Under development (unstable) (2025-01-21 r87610 ucrt) -- "Unsuffered Consequences" | 4480 |
lconway | macOS 12.7.1 Monterey | x86_64 | R Under development (unstable) (2025-01-22 r87618) -- "Unsuffered Consequences" | 4491 |
kjohnson3 | macOS 13.7.1 Ventura | arm64 | R Under development (unstable) (2025-01-20 r87609) -- "Unsuffered Consequences" | 4444 |
Click on any hostname to see more info about the system (e.g. compilers) (*) as reported by 'uname -p', except on Windows and Mac OS X |
Package 1266/2295 | Hostname | OS / Arch | INSTALL | BUILD | CHECK | BUILD BIN | ||||||||
mina 1.15.0 (landing page) Rui Guan
| nebbiolo1 | Linux (Ubuntu 24.04.1 LTS) / x86_64 | OK | OK | WARNINGS | ![]() | ||||||||
palomino7 | Windows Server 2022 Datacenter / x64 | OK | OK | WARNINGS | OK | ![]() | ||||||||
lconway | macOS 12.7.1 Monterey / x86_64 | OK | OK | WARNINGS | OK | ![]() | ||||||||
kjohnson3 | macOS 13.7.1 Ventura / arm64 | OK | OK | WARNINGS | OK | ![]() | ||||||||
To the developers/maintainers of the mina package: - Allow up to 24 hours (and sometimes 48 hours) for your latest push to git@git.bioconductor.org:packages/mina.git to reflect on this report. See Troubleshooting Build Report for more information. - Use the following Renviron settings to reproduce errors and warnings. - If 'R CMD check' started to fail recently on the Linux builder(s) over a missing dependency, add the missing dependency to 'Suggests:' in your DESCRIPTION file. See Renviron.bioc for more information. |
Package: mina |
Version: 1.15.0 |
Command: E:\biocbuild\bbs-3.21-bioc\R\bin\R.exe CMD check --no-multiarch --install=check:mina.install-out.txt --library=E:\biocbuild\bbs-3.21-bioc\R\library --no-vignettes --timings mina_1.15.0.tar.gz |
StartedAt: 2025-02-06 03:28:22 -0500 (Thu, 06 Feb 2025) |
EndedAt: 2025-02-06 03:33:04 -0500 (Thu, 06 Feb 2025) |
EllapsedTime: 281.9 seconds |
RetCode: 0 |
Status: WARNINGS |
CheckDir: mina.Rcheck |
Warnings: 1 |
############################################################################## ############################################################################## ### ### Running command: ### ### E:\biocbuild\bbs-3.21-bioc\R\bin\R.exe CMD check --no-multiarch --install=check:mina.install-out.txt --library=E:\biocbuild\bbs-3.21-bioc\R\library --no-vignettes --timings mina_1.15.0.tar.gz ### ############################################################################## ############################################################################## * using log directory 'E:/biocbuild/bbs-3.21-bioc/meat/mina.Rcheck' * using R Under development (unstable) (2025-01-21 r87610 ucrt) * using platform: x86_64-w64-mingw32 * R was compiled by gcc.exe (GCC) 13.3.0 GNU Fortran (GCC) 13.3.0 * running under: Windows Server 2022 x64 (build 20348) * using session charset: UTF-8 * using option '--no-vignettes' * checking for file 'mina/DESCRIPTION' ... OK * this is package 'mina' version '1.15.0' * package encoding: UTF-8 * checking package namespace information ... OK * checking package dependencies ... INFO Package which this enhances but not available for checking: 'doMC' * checking if this is a source package ... OK * checking if there is a namespace ... OK * checking for hidden files and directories ... OK * checking for portable file names ... OK * checking whether package 'mina' can be installed ... OK * used C++ compiler: 'G__~1.EXE (GCC) 13.3.0' * checking installed package size ... INFO installed size is 9.0Mb sub-directories of 1Mb or more: data 7.6Mb * checking package directory ... OK * checking 'build' directory ... OK * checking DESCRIPTION meta-information ... OK * checking top-level files ... OK * checking for left-over files ... OK * checking index information ... OK * checking package subdirectories ... OK * checking code files for non-ASCII characters ... OK * checking R files for syntax errors ... OK * checking whether the package can be loaded ... OK * checking whether the package can be loaded with stated dependencies ... OK * checking whether the package can be unloaded cleanly ... OK * checking whether the namespace can be loaded with stated dependencies ... OK * checking whether the namespace can be unloaded cleanly ... OK * checking dependencies in R code ... OK * checking S3 generic/method consistency ... OK * checking replacement functions ... OK * checking foreign function calls ... OK * checking R code for possible problems ... NOTE sparcc: no visible binding for global variable 'i' net_dis_pcoa,character: no visible binding for global variable 'y' net_dis_pcoa,character: no visible binding for global variable 'Group' net_dis_plot,mina: no visible binding for global variable 'Group1' net_dis_plot,mina: no visible binding for global variable 'Group2' net_dis_plot,mina: no visible binding for global variable 'Distance' net_dis_plot,mina: no visible binding for global variable 'Sig' Undefined global functions or variables: Distance Group Group1 Group2 Sig i y * checking Rd files ... NOTE checkRd: (-1) re_format_AP.Rd:10: Lost braces; missing escapes or markup? 10 | \item{x}{an {APResult} object from \pkg{apcluster}.} | ^ * checking Rd metadata ... OK * checking Rd cross-references ... OK * checking for missing documentation entries ... OK * checking for code/documentation mismatches ... OK * checking Rd \usage sections ... OK * checking Rd contents ... OK * checking for unstated dependencies in examples ... OK * checking contents of 'data' directory ... OK * checking data for non-ASCII characters ... OK * checking LazyData ... WARNING LazyData DB of 7.6 MB without LazyDataCompression set See ยง1.1.6 of 'Writing R Extensions' * checking data for ASCII and uncompressed saves ... OK * checking line endings in C/C++/Fortran sources/headers ... OK * checking compiled code ... NOTE Note: information on .o files for x64 is not available File 'E:/biocbuild/bbs-3.21-bioc/R/library/mina/libs/x64/mina.dll': Found '_exit', possibly from '_exit' (C) Found 'abort', possibly from 'abort' (C), 'runtime' (Fortran) Found 'exit', possibly from 'exit' (C), 'stop' (Fortran) Compiled code should not call entry points which might terminate R nor write to stdout/stderr instead of to the console, nor use Fortran I/O nor system RNGs nor [v]sprintf. The detected symbols are linked into the code but might come from libraries and not actually be called. See 'Writing portable packages' in the 'Writing R Extensions' manual. * checking files in 'vignettes' ... OK * checking examples ... OK Examples with CPU (user + system) or elapsed time > 5s user system elapsed net_dis_plot 32.67 16.18 44.94 com_plot-mina 42.90 1.58 3.34 net_dis-mina 17.28 8.16 24.10 dis_stat_accessor 13.58 4.16 15.82 net_cls-mina 14.85 1.19 15.71 bs_pm-mina 8.09 1.28 7.75 net_cls-matrix 7.18 0.32 7.31 net_cls 6.23 0.29 6.22 * checking for unstated dependencies in vignettes ... OK * checking package vignettes ... OK * checking running R code from vignettes ... SKIPPED * checking re-building of vignette outputs ... SKIPPED * checking PDF version of manual ... OK * DONE Status: 1 WARNING, 3 NOTEs See 'E:/biocbuild/bbs-3.21-bioc/meat/mina.Rcheck/00check.log' for details.
mina.Rcheck/00install.out
############################################################################## ############################################################################## ### ### Running command: ### ### E:\biocbuild\bbs-3.21-bioc\R\bin\R.exe CMD INSTALL mina ### ############################################################################## ############################################################################## * installing to library 'E:/biocbuild/bbs-3.21-bioc/R/library' * installing *source* package 'mina' ... ** this is package 'mina' version '1.15.0' ** using staged installation ** libs using C++ compiler: 'G__~1.EXE (GCC) 13.3.0' g++ -std=gnu++17 -I"E:/biocbuild/bbs-3.21-bioc/R/include" -DNDEBUG -I'E:/biocbuild/bbs-3.21-bioc/R/library/Rcpp/include' -I'E:/biocbuild/bbs-3.21-bioc/R/library/RcppParallel/include' -I'E:/biocbuild/bbs-3.21-bioc/R/library/RcppArmadillo/include' -I"C:/rtools44/x86_64-w64-mingw32.static.posix/include" -O2 -Wall -mfpmath=sse -msse2 -mstackrealign -DR_NO_REMAP -c RcppExports.cpp -o RcppExports.o g++ -std=gnu++17 -I"E:/biocbuild/bbs-3.21-bioc/R/include" -DNDEBUG -I'E:/biocbuild/bbs-3.21-bioc/R/library/Rcpp/include' -I'E:/biocbuild/bbs-3.21-bioc/R/library/RcppParallel/include' -I'E:/biocbuild/bbs-3.21-bioc/R/library/RcppArmadillo/include' -I"C:/rtools44/x86_64-w64-mingw32.static.posix/include" -O2 -Wall -mfpmath=sse -msse2 -mstackrealign -DR_NO_REMAP -c cp_cor.cpp -o cp_cor.o g++ -std=gnu++17 -shared -s -static-libgcc -o mina.dll tmp.def RcppExports.o cp_cor.o -LC:/rtools44/x86_64-w64-mingw32.static.posix/lib/x64 -LC:/rtools44/x86_64-w64-mingw32.static.posix/lib -LE:/biocbuild/bbs-3.21-bioc/R/bin/x64 -lR installing to E:/biocbuild/bbs-3.21-bioc/R/library/00LOCK-mina/00new/mina/libs/x64 ** R ** data *** moving datasets to lazyload DB ** byte-compile and prepare package for lazy loading Creating a new generic function for 'norm' in package 'mina' ** help *** installing help indices ** building package indices ** installing vignettes ** testing if installed package can be loaded from temporary location ** testing if installed package can be loaded from final location ** testing if installed package keeps a record of temporary installation path * DONE (mina)
mina.Rcheck/mina-Ex.timings
name | user | system | elapsed | |
adj-matrix | 0.54 | 0.11 | 0.41 | |
adj-mina | 0.75 | 0.06 | 0.54 | |
adj | 0.86 | 0.03 | 0.68 | |
adj_method_list | 0.08 | 0.11 | 2.83 | |
bs_pm-mina | 8.09 | 1.28 | 7.75 | |
bs_pm | 2.77 | 0.78 | 3.30 | |
check_mina | 0.07 | 0.02 | 0.09 | |
check_mina_de | 0.07 | 0.02 | 0.08 | |
check_mina_qu | 0.04 | 0.04 | 0.08 | |
cls_tab | 0.03 | 0.04 | 0.08 | |
com_dis-matrix | 0.56 | 0.10 | 0.44 | |
com_dis-mina | 0.35 | 0.01 | 0.06 | |
com_dis | 0.32 | 0.00 | 0.33 | |
com_dis_list | 0.18 | 0.03 | 0.22 | |
com_plot-mina | 42.90 | 1.58 | 3.34 | |
com_plot | 0.24 | 0.01 | 0.25 | |
com_r2-mina | 0.50 | 0.07 | 0.56 | |
com_r2 | 1.84 | 0.22 | 0.97 | |
data-hmp | 0.00 | 0.00 | 0.02 | |
data-maize | 0 | 0 | 0 | |
des_accessor | 0 | 0 | 0 | |
dis_accessor | 0.06 | 0.03 | 0.09 | |
dis_stat_accessor | 13.58 | 4.16 | 15.82 | |
dmr-matrix | 0.78 | 0.09 | 0.50 | |
dmr-mina | 0.50 | 0.05 | 0.54 | |
dmr | 0.76 | 0.09 | 0.52 | |
dmr_accessor | 0.79 | 0.09 | 0.46 | |
fit_tabs-mina | 0.93 | 0.44 | 1.38 | |
fit_tabs | 0.89 | 0.37 | 1.27 | |
get_net_cls_tab-matrix-data.frame-method | 2.43 | 0.34 | 2.45 | |
get_net_cls_tab | 2.67 | 0.53 | 2.92 | |
get_r2-mat | 1.17 | 0.08 | 0.86 | |
get_r2 | 0.94 | 0.03 | 0.56 | |
get_rep-matrix | 0.22 | 0.08 | 0.30 | |
get_rep-mima | 0.86 | 0.19 | 1.05 | |
hmp_des | 0.00 | 0.01 | 0.01 | |
hmp_otu | 0.00 | 0.01 | 0.02 | |
maize_asv | 0.00 | 0.02 | 0.01 | |
maize_asv2 | 0 | 0 | 0 | |
maize_des | 0.00 | 0.02 | 0.02 | |
maize_des2 | 0 | 0 | 0 | |
mina-class | 0 | 0 | 0 | |
net_cls-matrix | 7.18 | 0.32 | 7.31 | |
net_cls-mina | 14.85 | 1.19 | 15.71 | |
net_cls | 6.23 | 0.29 | 6.22 | |
net_cls_tab-mina-method | 1.64 | 0.17 | 1.59 | |
net_cls_tab | 2.13 | 0.40 | 2.28 | |
net_dis-mina | 17.28 | 8.16 | 24.10 | |
net_dis | 3.00 | 0.75 | 3.36 | |
net_dis_indi | 0 | 0 | 0 | |
net_dis_pcoa | 0 | 0 | 0 | |
net_dis_plot | 32.67 | 16.18 | 44.94 | |
net_grp_cmp | 0.00 | 0.02 | 0.02 | |
net_node_cmp | 0.00 | 0.02 | 0.02 | |
norm_accessor | 0.05 | 0.02 | 0.07 | |
norm_tab-matrix | 1.11 | 0.16 | 1.27 | |
norm_tab-mina | 0.89 | 0.06 | 0.95 | |
norm_tab | 0.02 | 0.02 | 0.03 | |
norm_tab_method_list | 0.06 | 0.04 | 0.12 | |
pcoa_plot | 1.36 | 0.16 | 1.15 | |
sim_par | 0 | 0 | 0 | |
sparcc | 0 | 0 | 0 | |
tab_accessor | 0 | 0 | 0 | |
tina-matrix-method | 0.00 | 0.02 | 0.01 | |
tina | 0 | 0 | 0 | |