Back to the "Multiple platform build/check report"
Package 33/205 | OS | Arch | BUILD | CHECK | BUILD BIN |
BioMVCClass1.0.6Elizabeth Whalen | Linux (SUSE 9.2) | x86_64 | OK | WARNINGS | |
Linux (SUSE 9.2) | i686 | OK | WARNINGS | ||
Solaris 2.9 | sparc | OK | OK | ||
Linux (SUSE 10.0) | x86_64 | OK | WARNINGS | ||
Windows Server 2003 | x86_64 | OK | WARNINGS | OK | |
Windows XP | i686 | OK | WARNINGS | skipped | |
Mac OS X (10.4.6) | i686 | OK | [ WARNINGS ] |
Package: BioMVCClass |
Version: 1.0.6 |
Command: /Library/Frameworks/R.framework/Resources/bin/R CMD check BioMVCClass_1.0.6.tar.gz |
RetCode: 0 |
Time: 86.6 seconds |
Status: WARNINGS |
CheckDir: BioMVCClass.Rcheck |
Warnings: 1 |
* checking for working latex ... OK * using log directory '/Users/biocbuild/1.9d/Rpacks/BioMVCClass.Rcheck' * using R version 2.4.0 alpha (2006-09-07 r39185) * checking for file 'BioMVCClass/DESCRIPTION' ... OK * this is package 'BioMVCClass' version '1.0.6' * checking package dependencies ... WARNING package 'methods' is used but not declared See the information on DESCRIPTION files in the chapter 'Creating R packages' of the 'Writing R Extensions' manual. * checking if this is a source package ... OK * checking whether package 'BioMVCClass' can be installed ... OK * checking package directory ... OK * checking for portable file names ... OK * checking for sufficient/correct file permissions ... OK * checking DESCRIPTION meta-information ... OK * checking top-level files ... OK * checking index information ... OK * checking package subdirectories ... OK * checking R files for syntax errors ... OK * checking R files for non-ASCII characters ... OK * checking whether the package can be loaded ... OK * checking whether the package can be loaded with stated dependencies ... OK * checking whether the name space can be loaded with stated dependencies ... OK * checking S3 generic/method consistency ... OK * checking replacement functions ... OK * checking foreign function calls ... OK * checking R code for possible problems ... OK * checking Rd files ... OK * checking Rd cross-references ... OK * checking for missing documentation entries ... OK * checking for code/documentation mismatches ... OK * checking Rd \usage sections ... OK * creating BioMVCClass-Ex.R ... OK * checking examples ... OK * checking package vignettes in 'inst/doc' ... OK * creating BioMVCClass-manual.tex ... OK * checking BioMVCClass-manual.tex ... OK WARNING: There was 1 warning, see /Users/biocbuild/1.9d/Rpacks/BioMVCClass.Rcheck/00check.log for details
BioMVCClass.Rcheck/00install.out:
* Installing *source* package 'BioMVCClass' ... ** R ** inst ** help >>> Building/Updating help pages for package 'BioMVCClass' Formats: text html latex example GSE-class text html latex example exprModel-class text html latex example graphModel-class text html latex example graphView-class text html latex example gseModel-class text html latex example heatmapView-class text html latex example ** building package indices ... * DONE (BioMVCClass)