Back to the "Multiple platform build/check report"
Package 96/205 | OS | Arch | BUILD | CHECK | BUILD BIN |
KEGGSOAP1.7.0J. Zhang | Linux (SUSE 9.2) | x86_64 | OK | WARNINGS | |
Linux (SUSE 9.2) | i686 | OK | WARNINGS | ||
Solaris 2.9 | sparc | OK | OK | ||
Linux (SUSE 10.0) | x86_64 | OK | WARNINGS | ||
Windows Server 2003 | x86_64 | OK | [ ERROR ] | ERROR | |
Windows XP | i686 | OK | ERROR | skipped | |
Mac OS X (10.4.6) | i686 | OK | WARNINGS |
Package: KEGGSOAP |
Version: 1.7.0 |
Command: D:\biocbld\1.9d\R\bin\R.exe CMD check KEGGSOAP_1.7.0.tar.gz |
RetCode: 1 |
Time: 6.5 seconds |
Status: ERROR |
CheckDir: KEGGSOAP.Rcheck |
Warnings: NA |
* checking for working latex ... OK * using log directory 'D:/biocbld/1.9d/Rpacks/KEGGSOAP.Rcheck' * using R version 2.4.0 alpha (2006-09-10 r39242) * checking for file 'KEGGSOAP/DESCRIPTION' ... OK * this is package 'KEGGSOAP' version '1.7.0' * checking package dependencies ... ERROR Packages required but not available: SSOAP See the information on DESCRIPTION files in the chapter 'Creating R packages' of the 'Writing R Extensions' manual.