Back to the "Multiple platform build/check report"
Package 115/205 | OS | Arch | BUILD | CHECK | BUILD BIN |
matchprobes1.5.0Biocore Team | Linux (SUSE 9.2) | x86_64 | OK | WARNINGS | |
Linux (SUSE 9.2) | i686 | OK | WARNINGS | ||
Solaris 2.9 | sparc | OK | OK | ||
Linux (SUSE 10.0) | x86_64 | OK | WARNINGS | ||
Windows Server 2003 | x86_64 | OK | WARNINGS | OK | |
Windows XP | i686 | OK | [ WARNINGS ] | skipped | |
Mac OS X (10.4.6) | i686 | OK | WARNINGS |
Package: matchprobes |
Version: 1.5.0 |
Command: E:\hpages\1.9d\R\bin\R.exe CMD check matchprobes_1.5.0.tar.gz |
RetCode: 0 |
Time: 505.9 seconds |
Status: WARNINGS |
CheckDir: matchprobes.Rcheck |
Warnings: 1 |
* checking for working latex ... OK * using log directory 'E:/hpages/1.9d/Rpacks/matchprobes.Rcheck' * using R version 2.4.0 alpha (2006-09-10 r39242) * checking for file 'matchprobes/DESCRIPTION' ... OK * this is package 'matchprobes' version '1.5.0' * checking package dependencies ... WARNING 'library' or 'require' calls not declared from: lib See the information on DESCRIPTION files in the chapter 'Creating R packages' of the 'Writing R Extensions' manual. * checking if this is a source package ... OK * checking whether package 'matchprobes' can be installed ... OK * checking package directory ... OK * checking for portable file names ... OK * checking DESCRIPTION meta-information ... OK * checking top-level files ... OK * checking index information ... OK * checking package subdirectories ... OK * checking R files for syntax errors ... OK * checking R files for non-ASCII characters ... OK * checking whether the package can be loaded ... OK * checking whether the package can be loaded with stated dependencies ... OK * checking S3 generic/method consistency ... OK * checking replacement functions ... OK * checking foreign function calls ... OK * checking R code for possible problems ... OK * checking Rd files ... OK * checking Rd cross-references ... OK * checking for missing documentation entries ... OK * checking for code/documentation mismatches ... OK * checking Rd \usage sections ... OK * checking for CRLF line endings in C/C++/Fortran sources/headers ... OK * checking for portable use of $BLAS_LIBS ... OK * creating matchprobes-Ex.R ... OK * checking examples ... OK * checking package vignettes in 'inst/doc' ... OK * creating matchprobes-manual.tex ... OK * checking matchprobes-manual.tex ... OK WARNING: There was 1 warning, see E:/hpages/1.9d/Rpacks/matchprobes.Rcheck/00check.log for details
matchprobes.Rcheck/00install.out:
installing R.css in E:/hpages/1.9d/Rpacks/matchprobes.Rcheck ---------- Making package matchprobes ------------ adding build stamp to DESCRIPTION making DLL ... making main.d from main.c making strutils.d from strutils.c gcc -Ie:/hpages/1.9d/R/include -Wall -O2 -std=gnu99 -c main.c -o main.o gcc -Ie:/hpages/1.9d/R/include -Wall -O2 -std=gnu99 -c strutils.c -o strutils.o windres --include-dir e:/hpages/1.9d/R/include -i matchprobes_res.rc -o matchprobes_res.o gcc -shared -s -o matchprobes.dll matchprobes.def main.o strutils.o matchprobes_res.o -Le:/hpages/1.9d/R/bin -lR ... DLL made installing DLL installing R files save image Loading required package: Biobase Loading required package: tools Welcome to Bioconductor Vignettes contain introductory material. To view, type 'openVignette()' or start with 'help(Biobase)'. For details on reading vignettes, see the openVignette help page. Loading required package: affy Loading required package: affyio installing inst files installing data files installing man source files installing indices not zipping data installing help >>> Building/Updating help pages for package 'matchprobes' Formats: text html latex example chm basecontent text html latex example chm combineAffyBatch text html latex example chm complementSeq text html latex example chm getProbeDataAffy text html latex example chm getProbeData_1lq text html latex example chm longestConsecutive text html latex example chm makeProbePackage text html latex example chm matchprobes text html latex example chm print.probetable text html latex example chm reverseSeq text html latex example chm Microsoft HTML Help Compiler 4.74.8702 Compiling e:\hpages\1.9d\Rpacks\matchprobes.Rcheck\00_pkg_src\matchprobes\chm\matchprobes.chm Compile time: 0 minutes, 0 seconds 11 Topics 31 Local links 1 Internet link 1 Graphic Created e:\hpages\1.9d\Rpacks\matchprobes.Rcheck\00_pkg_src\matchprobes\chm\matchprobes.chm, 29,714 bytes Compression decreased file by 7,363 bytes. adding MD5 sums * DONE (matchprobes)