maDB 1.35.1 Johannes Rainer
Snapshot Date: 2014-03-17 17:01:44 -0700 (Mon, 17 Mar 2014) | URL: https://hedgehog.fhcrc.org/bioconductor/trunk/madman/Rpacks/maDB | Last Changed Rev: 82386 / Revision: 87549 | Last Changed Date: 2013-11-01 12:54:25 -0700 (Fri, 01 Nov 2013) |
| zin2 | Linux (Ubuntu 12.04.4 LTS) / x86_64 | OK | WARNINGS | |
moscato2 | Windows Server 2008 R2 Enterprise SP1 (64-bit) / x64 | N O T S U P P O R T E D |
petty | Mac OS X Snow Leopard (10.6.8) / x86_64 | OK | [ WARNINGS ] | OK |
* using log directory ‘/Users/biocbuild/bbs-2.14-bioc/meat/maDB.Rcheck’
* using R version 3.1.0 alpha (2014-03-13 r65184)
* using platform: x86_64-apple-darwin10.8.0 (64-bit)
* using session charset: UTF-8
* using option ‘--no-vignettes’
* checking for file ‘maDB/DESCRIPTION’ ... OK
* this is package ‘maDB’ version ‘1.35.1’
* checking package namespace information ... OK
* checking package dependencies ... OK
* checking if this is a source package ... OK
* checking if there is a namespace ... OK
* checking for hidden files and directories ... NOTE
Found the following hidden files and directories:
.BBSoptions
These were most likely included in error. See section ‘Package
structure’ in the ‘Writing R Extensions’ manual.
* checking for portable file names ... OK
* checking for sufficient/correct file permissions ... OK
* checking whether package ‘maDB’ can be installed ... [11s/13s] OK
* checking installed package size ... OK
* checking package directory ... OK
* checking DESCRIPTION meta-information ... OK
* checking top-level files ... OK
* checking for left-over files ... OK
* checking index information ... OK
* checking package subdirectories ... WARNING
Subdirectory ‘inst’ contains no files.
* checking R files for non-ASCII characters ... OK
* checking R files for syntax errors ... OK
* checking whether the package can be loaded ... OK
* checking whether the package can be loaded with stated dependencies ... OK
* checking whether the package can be unloaded cleanly ... OK
* checking whether the namespace can be loaded with stated dependencies ... OK
* checking whether the namespace can be unloaded cleanly ... OK
* checking dependencies in R code ... NOTE
‘library’ or ‘require’ call to ‘pgUtils’ which was already attached by Depends.
Please remove these calls from your code.
Package in Depends field not imported from: ‘methods’
These packages need to be imported from (in the NAMESPACE file)
for when this namespace is loaded but not attached.
See the information on DESCRIPTION files in the chapter ‘Creating R
packages’ of the ‘Writing R Extensions’ manual.
* checking S3 generic/method consistency ... OK
* checking replacement functions ... OK
* checking foreign function calls ... OK
* checking R code for possible problems ... NOTE
drawVolcanoPlot: warning in rgb(r = abs(plog)/redvalue, g =
abs(M)/bluevalue, b = 0): partial argument match of 'r' to 'red'
drawVolcanoPlot: warning in rgb(r = abs(plog)/redvalue, g =
abs(M)/bluevalue, b = 0): partial argument match of 'g' to 'green'
drawVolcanoPlot: warning in rgb(r = abs(plog)/redvalue, g =
abs(M)/bluevalue, b = 0): partial argument match of 'b' to 'blue'
* checking Rd files ... OK
* checking Rd metadata ... OK
* checking Rd cross-references ... OK
* checking for missing documentation entries ... OK
* checking for code/documentation mismatches ... OK
* checking Rd \usage sections ... NOTE
S3 methods shown with full name in documentation object 'format.latex':
‘format.latex’
S3 methods shown with full name in documentation object 'mean.center':
‘mean.center’
The \usage entries for S3 methods should use the \method markup and not
their full name.
See the chapter ‘Writing R documentation files’ in the ‘Writing R
Extensions’ manual.
* checking Rd contents ... OK
* checking for unstated dependencies in examples ... OK
* checking contents of ‘data’ directory ... OK
* checking data for non-ASCII characters ... OK
* checking data for ASCII and uncompressed saves ... OK
* checking files in ‘vignettes’ ... OK
* checking examples ... [5s/5s] OK
* checking PDF version of manual ... OK
WARNING: There was 1 warning.
NOTE: There were 4 notes.
See
‘/Users/biocbuild/bbs-2.14-bioc/meat/maDB.Rcheck/00check.log’
for details.
* installing *source* package ‘maDB’ ...
** R
** data
** preparing package for lazy loading
Creating a generic function for ‘print’ from package ‘base’ in package ‘maDB’
** help
*** installing help indices
** building package indices
** installing vignettes
** testing if installed package can be loaded
* DONE (maDB)