Back to First build/check report with an "external build node" |
This page was generated on 2023-06-01 18:17:19 -0400 (Thu, 01 Jun 2023).
Hostname | OS | Arch (*) | R version | Installed pkgs |
---|---|---|---|---|
xps15 | Linux (Ubuntu 23.04) | x86_64 | 4.3.0 Patched (2023-05-23 r84466) -- "Already Tomorrow" | 544 |
Click on any hostname to see more info about the system (e.g. compilers) (*) as reported by 'uname -p', except on Windows and Mac OS X |
To the developers/maintainers of the DelayedMatrixStats package: Use the following Renviron settings to reproduce errors and warnings. Note: If "R CMD check" recently failed on the Linux builder over a missing dependency, add the missing dependency to "Suggests" in your DESCRIPTION file. See the Renviron.bioc for details. |
Package 27/91 | Hostname | OS / Arch | INSTALL | BUILD | CHECK | BUILD BIN | |||||||
DelayedMatrixStats 1.23.0 (landing page) Peter Hickey
| xps15 | Linux (Ubuntu 23.04) / x86_64 | OK | ERROR | skipped | ||||||||
Package: DelayedMatrixStats |
Version: 1.23.0 |
Command: /home/hpages/bbs-3.18-bioc/R/bin/R CMD build --keep-empty-dirs --no-resave-data DelayedMatrixStats |
StartedAt: 2023-06-01 12:39:07 -0700 (Thu, 01 Jun 2023) |
EndedAt: 2023-06-01 12:39:39 -0700 (Thu, 01 Jun 2023) |
EllapsedTime: 32.0 seconds |
RetCode: 1 |
Status: ERROR |
PackageFile: None |
PackageFileSize: NA |
############################################################################## ############################################################################## ### ### Running command: ### ### /home/hpages/bbs-3.18-bioc/R/bin/R CMD build --keep-empty-dirs --no-resave-data DelayedMatrixStats ### ############################################################################## ############################################################################## * checking for file ‘DelayedMatrixStats/DESCRIPTION’ ... OK * preparing ‘DelayedMatrixStats’: * checking DESCRIPTION meta-information ... OK * installing the package to build vignettes * creating vignettes ... ERROR --- re-building ‘DelayedMatrixStatsOverview.Rmd’ using rmarkdown Quitting from lines 47-55 [data_sim] (DelayedMatrixStatsOverview.Rmd) Error: processing vignette 'DelayedMatrixStatsOverview.Rmd' failed with diagnostics: there is no package called 'HDF5Array' --- failed re-building ‘DelayedMatrixStatsOverview.Rmd’ SUMMARY: processing the following file failed: ‘DelayedMatrixStatsOverview.Rmd’ Error: Vignette re-building failed. Execution halted