Back to Multiple platform build/check report for BioC 3.21:   simplified   long
ABCDEF[G]HIJKLMNOPQRSTUVWXYZ

This page was generated on 2025-02-06 11:40 -0500 (Thu, 06 Feb 2025).

HostnameOSArch (*)R versionInstalled pkgs
nebbiolo1Linux (Ubuntu 24.04.1 LTS)x86_64R Under development (unstable) (2025-01-20 r87609) -- "Unsuffered Consequences" 4719
palomino7Windows Server 2022 Datacenterx64R Under development (unstable) (2025-01-21 r87610 ucrt) -- "Unsuffered Consequences" 4480
lconwaymacOS 12.7.1 Montereyx86_64R Under development (unstable) (2025-01-22 r87618) -- "Unsuffered Consequences" 4491
kjohnson3macOS 13.7.1 Venturaarm64R Under development (unstable) (2025-01-20 r87609) -- "Unsuffered Consequences" 4444
Click on any hostname to see more info about the system (e.g. compilers)      (*) as reported by 'uname -p', except on Windows and Mac OS X

Package 898/2295HostnameOS / ArchINSTALLBUILDCHECKBUILD BIN
GRaNIE 1.11.0  (landing page)
Christian Arnold
Snapshot Date: 2025-02-05 13:48 -0500 (Wed, 05 Feb 2025)
git_url: https://git.bioconductor.org/packages/GRaNIE
git_branch: devel
git_last_commit: 7fdc850
git_last_commit_date: 2024-10-29 11:11:39 -0500 (Tue, 29 Oct 2024)
nebbiolo1Linux (Ubuntu 24.04.1 LTS) / x86_64  OK    OK    OK  UNNEEDED, same version is already published
palomino7Windows Server 2022 Datacenter / x64  OK    OK    WARNINGS    OK  NO, package depends on 'DESeq2' which is only available as a source package that needs compilation
lconwaymacOS 12.7.1 Monterey / x86_64  OK    OK    OK    OK  NO, package depends on 'DESeq2' which is only available as a source package that needs compilation
kjohnson3macOS 13.7.1 Ventura / arm64  OK    OK    OK    OK  NO, package depends on 'DESeq2' which is only available as a source package that needs compilation


CHECK results for GRaNIE on palomino7

To the developers/maintainers of the GRaNIE package:
- Allow up to 24 hours (and sometimes 48 hours) for your latest push to git@git.bioconductor.org:packages/GRaNIE.git to reflect on this report. See Troubleshooting Build Report for more information.
- Use the following Renviron settings to reproduce errors and warnings.
- If 'R CMD check' started to fail recently on the Linux builder(s) over a missing dependency, add the missing dependency to 'Suggests:' in your DESCRIPTION file. See Renviron.bioc for more information.

raw results


Summary

Package: GRaNIE
Version: 1.11.0
Command: E:\biocbuild\bbs-3.21-bioc\R\bin\R.exe CMD check --no-multiarch --install=check:GRaNIE.install-out.txt --library=E:\biocbuild\bbs-3.21-bioc\R\library --no-vignettes --timings GRaNIE_1.11.0.tar.gz
StartedAt: 2025-02-06 02:13:30 -0500 (Thu, 06 Feb 2025)
EndedAt: 2025-02-06 02:22:12 -0500 (Thu, 06 Feb 2025)
EllapsedTime: 522.2 seconds
RetCode: 0
Status:   WARNINGS  
CheckDir: GRaNIE.Rcheck
Warnings: 1

Command output

##############################################################################
##############################################################################
###
### Running command:
###
###   E:\biocbuild\bbs-3.21-bioc\R\bin\R.exe CMD check --no-multiarch --install=check:GRaNIE.install-out.txt --library=E:\biocbuild\bbs-3.21-bioc\R\library --no-vignettes --timings GRaNIE_1.11.0.tar.gz
###
##############################################################################
##############################################################################


* using log directory 'E:/biocbuild/bbs-3.21-bioc/meat/GRaNIE.Rcheck'
* using R Under development (unstable) (2025-01-21 r87610 ucrt)
* using platform: x86_64-w64-mingw32
* R was compiled by
    gcc.exe (GCC) 13.3.0
    GNU Fortran (GCC) 13.3.0
* running under: Windows Server 2022 x64 (build 20348)
* using session charset: UTF-8
* using option '--no-vignettes'
* checking for file 'GRaNIE/DESCRIPTION' ... OK
* this is package 'GRaNIE' version '1.11.0'
* package encoding: UTF-8
* checking package namespace information ... OK
* checking package dependencies ... OK
* checking if this is a source package ... OK
* checking if there is a namespace ... OK
* checking for hidden files and directories ... OK
* checking for portable file names ... OK
* checking whether package 'GRaNIE' can be installed ... WARNING
Found the following significant warnings:
  Warning: replacing previous import 'GenomicRanges::windows' by 'grDevices::windows' when loading 'GRaNIE'
See 'E:/biocbuild/bbs-3.21-bioc/meat/GRaNIE.Rcheck/00install.out' for details.
* checking installed package size ... OK
* checking package directory ... OK
* checking 'build' directory ... OK
* checking DESCRIPTION meta-information ... OK
* checking top-level files ... OK
* checking for left-over files ... OK
* checking index information ... OK
* checking package subdirectories ... OK
* checking code files for non-ASCII characters ... OK
* checking R files for syntax errors ... OK
* checking whether the package can be loaded ... OK
* checking whether the package can be loaded with stated dependencies ... OK
* checking whether the package can be unloaded cleanly ... OK
* checking whether the namespace can be loaded with stated dependencies ... OK
* checking whether the namespace can be unloaded cleanly ... OK
* checking whether startup messages can be suppressed ... OK
* checking dependencies in R code ... OK
* checking S3 generic/method consistency ... OK
* checking replacement functions ... OK
* checking foreign function calls ... OK
* checking R code for possible problems ... NOTE
.performIHW: no visible binding for global variable 'adj_pvalue'
Undefined global functions or variables:
  adj_pvalue
* checking Rd files ... OK
* checking Rd metadata ... OK
* checking Rd cross-references ... OK
* checking for missing documentation entries ... OK
* checking for code/documentation mismatches ... OK
* checking Rd \usage sections ... OK
* checking Rd contents ... OK
* checking for unstated dependencies in examples ... OK
* checking files in 'vignettes' ... OK
* checking examples ... OK
Examples with CPU (user + system) or elapsed time > 5s
                               user system elapsed
generateStatsSummary           9.90   0.31   10.90
addConnections_TF_peak         6.46   1.66   10.92
addSNPData                     6.91   0.47   12.48
plotDiagnosticPlots_peakGene   5.66   0.14    6.29
plotPCA_all                    4.39   0.20    5.14
calculateCommunitiesEnrichment 3.80   0.27    5.24
* checking for unstated dependencies in vignettes ... OK
* checking package vignettes ... OK
* checking running R code from vignettes ... SKIPPED
* checking re-building of vignette outputs ... SKIPPED
* checking PDF version of manual ... OK
* DONE

Status: 1 WARNING, 1 NOTE
See
  'E:/biocbuild/bbs-3.21-bioc/meat/GRaNIE.Rcheck/00check.log'
for details.


Installation output

GRaNIE.Rcheck/00install.out

##############################################################################
##############################################################################
###
### Running command:
###
###   E:\biocbuild\bbs-3.21-bioc\R\bin\R.exe CMD INSTALL GRaNIE
###
##############################################################################
##############################################################################


* installing to library 'E:/biocbuild/bbs-3.21-bioc/R/library'
* installing *source* package 'GRaNIE' ...
** this is package 'GRaNIE' version '1.11.0'
** using staged installation
** R
** byte-compile and prepare package for lazy loading
Warning: replacing previous import 'GenomicRanges::windows' by 'grDevices::windows' when loading 'GRaNIE'
** help
*** installing help indices
*** copying figures
** building package indices
** installing vignettes
** testing if installed package can be loaded from temporary location
Warning: replacing previous import 'GenomicRanges::windows' by 'grDevices::windows' when loading 'GRaNIE'
** testing if installed package can be loaded from final location
Warning: replacing previous import 'GenomicRanges::windows' by 'grDevices::windows' when loading 'GRaNIE'
** testing if installed package keeps a record of temporary installation path
* DONE (GRaNIE)

Tests output


Example timings

GRaNIE.Rcheck/GRaNIE-Ex.timings

nameusersystemelapsed
AR_classification_wrapper000
addConnections_TF_peak 6.46 1.6610.92
addConnections_peak_gene3.360.124.05
addData000
addSNPData 6.91 0.4712.48
addTFBS000
add_TF_gene_correlation2.510.083.75
add_featureVariation000
build_eGRN_graph2.030.143.40
calculateCommunitiesEnrichment3.800.275.24
calculateCommunitiesStats2.380.113.08
calculateGeneralEnrichment3.890.124.67
calculateTFEnrichment2.780.063.39
changeOutputDirectory2.150.223.98
deleteIntermediateData2.240.083.09
filterConnectionsForPlotting2.150.113.00
filterData2.930.073.52
filterGRNAndConnectGenes2.470.023.61
generateStatsSummary 9.90 0.3110.90
getCounts2.330.163.28
getGRNConnections2.230.192.98
getGRNSummary3.150.233.86
getParameters3.240.063.84
getTopNodes1.930.112.50
initializeGRN0.020.020.03
loadExampleObject2.160.122.72
nGenes2.250.102.80
nPeaks1.870.092.41
nTFs1.840.062.30
overlapPeaksAndTFBS1.780.162.34
performAllNetworkAnalyses000
plotCommunitiesEnrichment3.940.144.57
plotCommunitiesStats3.390.113.93
plotCorrelations3.660.174.30
plotDiagnosticPlots_TFPeaks3.650.114.27
plotDiagnosticPlots_peakGene5.660.146.29
plotGeneralEnrichment2.110.082.66
plotGeneralGraphStats3.080.173.81
plotPCA_all4.390.205.14
plotTFEnrichment2.700.153.38
plot_stats_connectionSummary2.480.562.97
visualizeGRN3.000.263.48